{"id":282,"date":"2026-02-09T17:31:40","date_gmt":"2026-02-09T17:31:40","guid":{"rendered":"https:\/\/mouling.com.ar\/services\/"},"modified":"2026-02-09T17:35:00","modified_gmt":"2026-02-09T17:35:00","slug":"services","status":"publish","type":"page","link":"https:\/\/mouling.com.ar\/?page_id=282","title":{"rendered":"Services"},"content":{"rendered":"\n<div class=\"wp-block-uagb-container uagb-block-66ebd6c7 alignfull uagb-is-root-container\"><div class=\"uagb-container-inner-blocks-wrap\">\n<div class=\"wp-block-uagb-info-box uagb-block-82c56a1d uagb-infobox__content-wrap  uagb-infobox-icon-above-title uagb-infobox-image-valign-top wp-block-uagb-info-box--has-margin\"><div class=\"uagb-infobox-margin-wrapper\"><div class=\"uagb-ifb-content\"><div class=\"uagb-ifb-title-wrap\"><p class=\"uagb-ifb-title-prefix\">Servicios<\/p><h1 class=\"uagb-ifb-title\">Creaci\u00f3n de Ambientes \u00danicos<\/h1><\/div><p class=\"uagb-ifb-desc\">En Mouling Ambientaciones, ofrecemos una variedad de servicios para transformar tu visi\u00f3n en escenarios memorables, atendiendo a cada detalle y necesidad espec\u00edfica de tu evento o proyecto.<\/p><\/div><\/div><\/div>\n<\/div><\/div>\n\n\n\n<div class=\"wp-block-uagb-container uagb-block-d71bdf7c alignfull uagb-is-root-container\"><div class=\"uagb-container-inner-blocks-wrap\">\n<div class=\"wp-block-uagb-container uagb-block-bb0ef932\">\n<div class=\"wp-block-uagb-image uagb-block-57e8f015 wp-block-uagb-image--layout-default wp-block-uagb-image--effect-static wp-block-uagb-image--align-none\"><figure class=\"wp-block-uagb-image__figure\"><img loading=\"lazy\" decoding=\"async\" srcset=\"https:\/\/mouling.com.ar\/wp-content\/uploads\/2026\/02\/20241012_204758.jpg ,https:\/\/mouling.com.ar\/wp-content\/uploads\/2026\/02\/20241012_204758.jpg 780w, https:\/\/mouling.com.ar\/wp-content\/uploads\/2026\/02\/20241012_204758.jpg 360w\" sizes=\"auto, (max-width: 480px) 150px\" src=\"https:\/\/mouling.com.ar\/wp-content\/uploads\/2026\/02\/20241012_204758.jpg\" alt=\"20241012 204758\" class=\"uag-image-24825\" width=\"640\" height=\"420\" title=\"our-services-01\" loading=\"lazy\" role=\"img\"><\/figure><\/div>\n\n\n\n<div class=\"wp-block-uagb-container uagb-block-9fb1cfdd\">\n<div class=\"wp-block-uagb-advanced-heading uagb-block-f93e100e\"><h2 class=\"uagb-heading-text\">Dise\u00f1o Escenogr\u00e1fico<\/h2><p class=\"uagb-desc-text\">Nuestro servicio de dise\u00f1o escenogr\u00e1fico se enfoca en crear espacios originales que capturan la esencia de tu marca. Desde conceptuales hasta producciones complejas, trabajamos en cada detalle para asegurar que tu mensaje resuene con tu audiencia y genere impacto.<\/p><\/div>\n<\/div>\n<\/div>\n\n\n\n<div class=\"wp-block-uagb-container uagb-block-2fbdad21\">\n<div class=\"wp-block-uagb-container uag-blocks-common-selector uagb-block-704ca9f3\">\n<div class=\"wp-block-uagb-advanced-heading uagb-block-d2334ebe\"><h2 class=\"uagb-heading-text\">Alquiler de Stands<\/h2><p class=\"uagb-desc-text\">Contamos con un servicio completo de alquiler de stands que se adapta a la tem\u00e1tica de tu evento. Dise\u00f1amos y fabricamos estructuras personalizadas que garantizan visibilidad y atractivo, potenciando la presencia de tu marca en ferias y exposiciones con dise\u00f1os \u00fanicos y funcionales.<\/p><\/div>\n<\/div>\n\n\n\n<div class=\"wp-block-uagb-image uagb-block-a3c5965c wp-block-uagb-image--layout-default wp-block-uagb-image--effect-static wp-block-uagb-image--align-none\"><figure class=\"wp-block-uagb-image__figure\"><img loading=\"lazy\" decoding=\"async\" srcset=\"https:\/\/mouling.com.ar\/wp-content\/uploads\/2026\/02\/20240831_191050.jpg ,https:\/\/mouling.com.ar\/wp-content\/uploads\/2026\/02\/20240831_191050.jpg 780w, https:\/\/mouling.com.ar\/wp-content\/uploads\/2026\/02\/20240831_191050.jpg 360w\" sizes=\"auto, (max-width: 480px) 150px\" src=\"https:\/\/mouling.com.ar\/wp-content\/uploads\/2026\/02\/20240831_191050.jpg\" alt=\"20240831 191050\" class=\"uag-image-24826\" width=\"640\" height=\"420\" title=\"our-services-02\" loading=\"lazy\" role=\"img\"><\/figure><\/div>\n<\/div>\n\n\n\n<div class=\"wp-block-uagb-container uagb-block-ba35647c\">\n<div class=\"wp-block-uagb-image uagb-block-14598583 wp-block-uagb-image--layout-default wp-block-uagb-image--effect-static wp-block-uagb-image--align-none\"><figure class=\"wp-block-uagb-image__figure\"><img loading=\"lazy\" decoding=\"async\" srcset=\"https:\/\/mouling.com.ar\/wp-content\/uploads\/2026\/02\/PXL_20240706_231159685.jpg ,https:\/\/mouling.com.ar\/wp-content\/uploads\/2026\/02\/PXL_20240706_231159685.jpg 780w, https:\/\/mouling.com.ar\/wp-content\/uploads\/2026\/02\/PXL_20240706_231159685.jpg 360w\" sizes=\"auto, (max-width: 480px) 150px\" src=\"https:\/\/mouling.com.ar\/wp-content\/uploads\/2026\/02\/PXL_20240706_231159685.jpg\" alt=\"PXL 20240706 231159685\" class=\"uag-image-24827\" width=\"640\" height=\"420\" title=\"our-services-03\" loading=\"lazy\" role=\"img\"><\/figure><\/div>\n\n\n\n<div class=\"wp-block-uagb-container uagb-block-4bc39a8c\">\n<div class=\"wp-block-uagb-advanced-heading uagb-block-caead465\"><h2 class=\"uagb-heading-text\">Producci\u00f3n de Eventos<\/h2><p class=\"uagb-desc-text\">Nuestro servicio de producci\u00f3n de eventos abarca desde la planificaci\u00f3n hasta la ejecuci\u00f3n final. Coordinamos todos los elementos necesarios para que tu evento sea un \u00e9xito, utilizando tecnolog\u00eda de vanguardia y atenci\u00f3n a los detalles para crear una experiencia envolvente para todos los asistentes.<\/p><\/div>\n<\/div>\n<\/div>\n\n\n\n<div class=\"wp-block-uagb-container uagb-block-7e84b475\">\n<div class=\"wp-block-uagb-info-box uagb-block-9e5f203b uagb-infobox__content-wrap  uagb-infobox-icon-above-title uagb-infobox-image-valign-top wp-block-uagb-info-box--has-margin\"><div class=\"uagb-infobox-margin-wrapper\"><div class=\"uagb-ifb-content\"><div class=\"uagb-ifb-title-wrap\"><p class=\"uagb-ifb-title-prefix\">Da el Primer Paso<\/p><h2 class=\"uagb-ifb-title\">Haz Realidad Tu Proyecto So\u00f1ado<\/h2><\/div><p class=\"uagb-ifb-desc\">Cont\u00e1ctanos para transformar tus ideas en experiencias inolvidables que impacten y deleiten a tu p\u00fablico objetivo.<\/p><div class=\"uagb-ifb-button-wrapper wp-block-button\"><a href=\"\/contact\" class=\"uagb-infobox-cta-link wp-block-button__link\" target=\"_self\" rel=\"noopener noreferrer\" onclick=\"return true;\"><span class=\"uagb-inline-editing\">Cont\u00e1ctanos Ahora<\/span><\/a><\/div><\/div><\/div><\/div>\n<\/div>\n\n\n\n<div class=\"wp-block-uagb-container uagb-block-a01269d3\">\n<div class=\"wp-block-uagb-container uag-blocks-common-selector uagb-block-f8163f3f\">\n<div class=\"wp-block-uagb-advanced-heading uagb-block-14fb8bc2\"><h2 class=\"uagb-heading-text\">Consultor\u00eda Creativa<\/h2><p class=\"uagb-desc-text\">Ofrecemos consultor\u00eda creativa para ayudar a concretar tus ideas. Analizamos tu visi\u00f3n y brindamos consejos personalizados para maximizar la efectividad de tus espacios, asegurando que cada aspecto est\u00e9 alineado con tus objetivos de comunicaci\u00f3n y branding.<\/p><\/div>\n<\/div>\n\n\n\n<div class=\"wp-block-uagb-image uagb-block-90438f35 wp-block-uagb-image--layout-default wp-block-uagb-image--effect-static wp-block-uagb-image--align-none\"><figure class=\"wp-block-uagb-image__figure\"><img loading=\"lazy\" decoding=\"async\" srcset=\"https:\/\/mouling.com.ar\/wp-content\/uploads\/2026\/02\/PXL_20240225_162406822.jpg ,https:\/\/mouling.com.ar\/wp-content\/uploads\/2026\/02\/PXL_20240225_162406822.jpg 780w, https:\/\/mouling.com.ar\/wp-content\/uploads\/2026\/02\/PXL_20240225_162406822.jpg 360w\" sizes=\"auto, (max-width: 480px) 150px\" src=\"https:\/\/mouling.com.ar\/wp-content\/uploads\/2026\/02\/PXL_20240225_162406822.jpg\" alt=\"PXL 20240225 162406822\" class=\"uag-image-24829\" width=\"640\" height=\"420\" title=\"our-services-04\" loading=\"lazy\" role=\"img\"><\/figure><\/div>\n<\/div>\n\n\n\n<div class=\"wp-block-uagb-container uagb-block-4d2680fd\">\n<div class=\"wp-block-uagb-image uagb-block-145c7d19 wp-block-uagb-image--layout-default wp-block-uagb-image--effect-static wp-block-uagb-image--align-none\"><figure class=\"wp-block-uagb-image__figure\"><img loading=\"lazy\" decoding=\"async\" srcset=\"https:\/\/mouling.com.ar\/wp-content\/uploads\/2026\/02\/original_dd516234-cca7-41a1-8b91-2ed492e72810_PXL_20260125_183700289.jpg ,https:\/\/mouling.com.ar\/wp-content\/uploads\/2026\/02\/original_dd516234-cca7-41a1-8b91-2ed492e72810_PXL_20260125_183700289.jpg 780w, https:\/\/mouling.com.ar\/wp-content\/uploads\/2026\/02\/original_dd516234-cca7-41a1-8b91-2ed492e72810_PXL_20260125_183700289.jpg 360w\" sizes=\"auto, (max-width: 480px) 150px\" src=\"https:\/\/mouling.com.ar\/wp-content\/uploads\/2026\/02\/original_dd516234-cca7-41a1-8b91-2ed492e72810_PXL_20260125_183700289.jpg\" alt=\"Original Dd516234 Cca7 41a1 8b91 2ed492e72810 PXL 20260125 183700289\" class=\"uag-image-24815\" width=\"640\" height=\"420\" title=\"our-services-05\" loading=\"lazy\" role=\"img\"><\/figure><\/div>\n\n\n\n<div class=\"wp-block-uagb-container uagb-block-c6a826d7\">\n<div class=\"wp-block-uagb-advanced-heading uagb-block-044cf043\"><h2 class=\"uagb-heading-text\">Gesti\u00f3n de Proyectos<\/h2><p class=\"uagb-desc-text\">Desarrollamos una planificaci\u00f3n minuciosa para cada proyecto. Desde etapas iniciales hasta la finalizaci\u00f3n, nuestro equipo se encarga de que cada fase se lleve a cabo de manera eficiente y sin contratiempos, garantizando resultados que superen tus expectativas.<\/p><\/div>\n<\/div>\n<\/div>\n\n\n\n<div class=\"wp-block-uagb-container uagb-block-2e23f7ae\">\n<div class=\"wp-block-uagb-container uag-blocks-common-selector uagb-block-c27a1497\">\n<div class=\"wp-block-uagb-advanced-heading uagb-block-705a7b3b\"><h2 class=\"uagb-heading-text\">Decoraci\u00f3n Tem\u00e1tica<\/h2><p class=\"uagb-desc-text\">Creamos decoraciones tem\u00e1ticas adaptadas a tu evento. Desde bodas hasta lanzamientos de productos, dise\u00f1amos elementos visuales que transforman el espacio y crean una atm\u00f3sfera \u00fanica, cuidando cada detalle para que tu celebraci\u00f3n sea verdaderamente memorable.<\/p><\/div>\n<\/div>\n\n\n\n<div class=\"wp-block-uagb-image uagb-block-779cdfbb wp-block-uagb-image--layout-default wp-block-uagb-image--effect-static wp-block-uagb-image--align-none\"><figure class=\"wp-block-uagb-image__figure\"><img loading=\"lazy\" decoding=\"async\" srcset=\"https:\/\/mouling.com.ar\/wp-content\/uploads\/2026\/02\/PXL_20251123_204850480.jpg ,https:\/\/mouling.com.ar\/wp-content\/uploads\/2026\/02\/PXL_20251123_204850480.jpg 780w, https:\/\/mouling.com.ar\/wp-content\/uploads\/2026\/02\/PXL_20251123_204850480.jpg 360w\" sizes=\"auto, (max-width: 480px) 150px\" src=\"https:\/\/mouling.com.ar\/wp-content\/uploads\/2026\/02\/PXL_20251123_204850480.jpg\" alt=\"PXL 20251123 204850480\" class=\"uag-image-24824\" width=\"640\" height=\"420\" title=\"our-services-06\" loading=\"lazy\" role=\"img\"><\/figure><\/div>\n<\/div>\n<\/div><\/div>\n\n\n\n<div class=\"wp-block-uagb-container uagb-block-e9dddb7d alignfull uagb-is-root-container\"><div class=\"uagb-container-inner-blocks-wrap\">\n<div class=\"wp-block-uagb-info-box uagb-block-5cd1a49c uagb-infobox__content-wrap  uagb-infobox-icon-above-title uagb-infobox-image-valign-top wp-block-uagb-info-box--has-margin\"><div class=\"uagb-infobox-margin-wrapper\"><div class=\"uagb-ifb-content\"><div class=\"uagb-ifb-title-wrap\"><p class=\"uagb-ifb-title-prefix\">Cont\u00e1ctanos<\/p><h2 class=\"uagb-ifb-title\">Haz de tu evento una experiencia inolvidable hoy mismo.<\/h2><\/div><p class=\"uagb-ifb-desc\">Estamos aqu\u00ed para ayudarte a transformar tus ideas en realidades \u00fanicas y memorables en cada ocasi\u00f3n.<\/p><div class=\"uagb-ifb-button-wrapper wp-block-button\"><a href=\"\/contact\/\" class=\"uagb-infobox-cta-link wp-block-button__link\" target=\"_self\" rel=\"noopener noreferrer\" onclick=\"return true;\"><span class=\"uagb-inline-editing\">Cont\u00e1ctanos Ahora<\/span><\/a><\/div><\/div><\/div><\/div>\n<\/div><\/div>\n","protected":false},"excerpt":{"rendered":"<p>Dise\u00f1o Escenogr\u00e1fico Nuestro servicio de dise\u00f1o escenogr\u00e1fico se enfoca en crear espacios originales que capturan la esencia de tu marca. [&hellip;]<\/p>\n","protected":false},"author":1,"featured_media":0,"parent":0,"menu_order":0,"comment_status":"closed","ping_status":"closed","template":"","meta":{"_uag_custom_page_level_css":"","site-sidebar-layout":"default","site-content-layout":"","ast-site-content-layout":"default","site-content-style":"default","site-sidebar-style":"default","ast-global-header-display":"","ast-banner-title-visibility":"","ast-main-header-display":"","ast-hfb-above-header-display":"","ast-hfb-below-header-display":"","ast-hfb-mobile-header-display":"","site-post-title":"disabled","ast-breadcrumbs-content":"","ast-featured-img":"","footer-sml-layout":"","ast-disable-related-posts":"","theme-transparent-header-meta":"","adv-header-id-meta":"","stick-header-meta":"","header-above-stick-meta":"","header-main-stick-meta":"","header-below-stick-meta":"","astra-migrate-meta-layouts":"default","ast-page-background-enabled":"default","ast-page-background-meta":{"desktop":{"background-color":"var(--ast-global-color-4)","background-image":"","background-repeat":"repeat","background-position":"center center","background-size":"auto","background-attachment":"scroll","background-type":"","background-media":"","overlay-type":"","overlay-color":"","overlay-opacity":"","overlay-gradient":""},"tablet":{"background-color":"","background-image":"","background-repeat":"repeat","background-position":"center center","background-size":"auto","background-attachment":"scroll","background-type":"","background-media":"","overlay-type":"","overlay-color":"","overlay-opacity":"","overlay-gradient":""},"mobile":{"background-color":"","background-image":"","background-repeat":"repeat","background-position":"center center","background-size":"auto","background-attachment":"scroll","background-type":"","background-media":"","overlay-type":"","overlay-color":"","overlay-opacity":"","overlay-gradient":""}},"ast-content-background-meta":{"desktop":{"background-color":"var(--ast-global-color-5)","background-image":"","background-repeat":"repeat","background-position":"center center","background-size":"auto","background-attachment":"scroll","background-type":"","background-media":"","overlay-type":"","overlay-color":"","overlay-opacity":"","overlay-gradient":""},"tablet":{"background-color":"var(--ast-global-color-5)","background-image":"","background-repeat":"repeat","background-position":"center center","background-size":"auto","background-attachment":"scroll","background-type":"","background-media":"","overlay-type":"","overlay-color":"","overlay-opacity":"","overlay-gradient":""},"mobile":{"background-color":"var(--ast-global-color-5)","background-image":"","background-repeat":"repeat","background-position":"center center","background-size":"auto","background-attachment":"scroll","background-type":"","background-media":"","overlay-type":"","overlay-color":"","overlay-opacity":"","overlay-gradient":""}},"footnotes":""},"class_list":["post-282","page","type-page","status-publish","hentry"],"uagb_featured_image_src":{"full":false,"thumbnail":false,"medium":false,"medium_large":false,"large":false,"1536x1536":false,"2048x2048":false},"uagb_author_info":{"display_name":"admin","author_link":"https:\/\/mouling.com.ar\/?author=1"},"uagb_comment_info":0,"uagb_excerpt":"Dise\u00f1o Escenogr\u00e1fico Nuestro servicio de dise\u00f1o escenogr\u00e1fico se enfoca en crear espacios originales que capturan la esencia de tu marca. [&hellip;]","_links":{"self":[{"href":"https:\/\/mouling.com.ar\/index.php?rest_route=\/wp\/v2\/pages\/282","targetHints":{"allow":["GET"]}}],"collection":[{"href":"https:\/\/mouling.com.ar\/index.php?rest_route=\/wp\/v2\/pages"}],"about":[{"href":"https:\/\/mouling.com.ar\/index.php?rest_route=\/wp\/v2\/types\/page"}],"author":[{"embeddable":true,"href":"https:\/\/mouling.com.ar\/index.php?rest_route=\/wp\/v2\/users\/1"}],"replies":[{"embeddable":true,"href":"https:\/\/mouling.com.ar\/index.php?rest_route=%2Fwp%2Fv2%2Fcomments&post=282"}],"version-history":[{"count":3,"href":"https:\/\/mouling.com.ar\/index.php?rest_route=\/wp\/v2\/pages\/282\/revisions"}],"predecessor-version":[{"id":24913,"href":"https:\/\/mouling.com.ar\/index.php?rest_route=\/wp\/v2\/pages\/282\/revisions\/24913"}],"wp:attachment":[{"href":"https:\/\/mouling.com.ar\/index.php?rest_route=%2Fwp%2Fv2%2Fmedia&parent=282"}],"curies":[{"name":"wp","href":"https:\/\/api.w.org\/{rel}","templated":true}]}}